 5?
114
Convert -32 (base 9) to base 10.
-29
-2 (base 3) to base 6
-2
Convert -7 (base 14) to base 3.
-21
What is 270 (base 12) in base 7?
1041
21 (base 14) to base 6
45
What is -a (base 16) in base 9?
-11
Convert -14 (base 15) to base 2.
-10011
What is 1 (base 10) in base 8?
1
Convert -110010011 (base 2) to base 11.
-337
Convert a (base 15) to base 16.
a
10101000 (base 2) to base 14
c0
-1100 (base 2) to base 9
-13
What is 2 (base 4) in base 16?
2
-332 (base 6) to base 10
-128
Convert -3 (base 11) to base 4.
-3
Convert -261 (base 7) to base 12.
-b9
Convert 2 (base 10) to base 7.
2
What is -33 (base 5) in base 3?
-200
1110 (base 2) to base 14
10
Convert 0 (base 5) to base 10.
0
Convert 5 (base 8) to base 12.
5
-124 (base 6) to base 13
-40
What is 3 (base 5) in base 13?
3
Convert -18 (base 16) to base 2.
-11000
-252 (base 7) to base 4
-2013
What is 111 (base 2) in base 9?
7
What is 32 (base 8) in base 4?
122
111111 (base 2) to base 15
43
What is 3 (base 11) in base 10?
3
Convert -3 (base 4) to base 14.
-3
What is 323 (base 4) in base 12?
4b
141 (base 5) to base 8
56
What is 1 (base 15) in base 2?
1
Convert 11110011 (base 2) to base 9.
300
What is -4 (base 8) in base 6?
-4
Convert -6a (base 16) to base 15.
-71
What is -3 (base 13) in base 10?
-3
Convert -6 (base 8) to base 12.
-6
-2 (base 3) to base 2
-10
What is -1 (base 3) in base 15?
-1
Convert 6 (base 11) to base 12.
6
Convert 20 (base 5) to base 7.
13
What is 1 (base 7) in base 11?
1
1010 (base 2) to base 12
a
What is -3 (base 12) in base 16?
-3
Convert 100 (base 4) to base 6.
24
What is -3 (base 11) in base 2?
-11
Convert 28 (base 9) to base 14.
1c
Convert 2 (base 6) to base 9.
2
Convert -110 (base 5) to base 10.
-30
Convert 10 (base 12) to base 4.
30
10 (base 12) to base 2
1100
Convert 185 (base 11) to base 4.
3112
0 (base 9) to base 15
0
-12 (base 5) to base 2
-111
Convert -1 (base 4) to base 5.
-1
Convert -2 (base 8) to base 9.
-2
What is -110 (base 2) in base 11?
-6
-1 (base 6) to base 10
-1
What is 1010 (base 3) in base 4?
132
-3 (base 13) to base 4
-3
Convert -3030 (base 4) to base 10.
-204
Convert 45 (base 11) to base 8.
61
What is -1 (base 3) in base 6?
-1
-20 (base 11) to base 8
-26
What is 131 (base 6) in base 8?
67
Convert -132 (base 4) to base 6.
-50
-13 (base 8) to base 7
-14
Convert -2 (base 11) to base 3.
-2
What is -3 (base 8) in base 5?
-3
Convert 20 (base 11) to base 13.
19
-1 (base 5) to base 16
-1
2 (base 11) to base 10
2
Convert 3 (base 12) to base 11.
3
Convert 13 (base 10) to base 14.
d
Convert -32 (base 7) to base 15.
-18
What is -2 (base 3) in base 5?
-2
What is 12 (base 14) in base 7?
22
36 (base 7) to base 9
30
4 (base 15) to base 8
4
What is -3 (base 5) in base 14?
-3
What is -1015 (base 7) in base 12?
-257
-76 (base 9) to base 15
-49
What is -2 (base 10) in base 3?
-2
What is -3 (base 8) in base 12?
-3
What is 323 (base 4) in base 9?
65
What is -1 (base 2) in base 7?
-1
Convert 1 (base 7) to base 11.
1
18 (base 16) to base 9
26
Convert -1121 (base 3) to base 5.
-133
What is 23 (base 5) in base 10?
13
-11 (base 12) to base 9
-14
Convert 4 (base 16) to base 13.
4
-100 (base 2) to base 7
-4
What is 40 (base 9) in base 14?
28
Convert -27 (base 13) to base 10.
-33
What is 13c (base 15) in base 16?
11a
76 (base 8) to base 5
222
What is -17 (base 11) in base 5?
-33
1d (base 14) to base 15
1c
What is 1001 (base 2) in base 11?
9
Convert 57 (base 9) to base 2.
110100
What is -15 (base 10) in base 7?
-21
-4 (base 11) to base 13
-4
Convert -2 (base 14) to base 5.
-2
What is -13 (base 6) in base 4?
-21
What is 3 (base 11) in base 6?
3
Convert -10 (base 16) to base 8.
-20
-e (base 15) to base 14
-10
What is -5 (base 12) in base 5?
-10
-11 (base 14) to base 16
-f
Convert 11 (base 2) to base 6.
3
2 (base 7) to base 10
2
Convert 13 (base 10) to base 9.
14
10 (base 2) to base 4
2
Convert 1 (base 6) to base 8.
1
-5d (base 14) to base 15
-58
17d (base 15) to base 4
11113
What is -4 (base 11) in base 9?
-4
Convert -8 (base 10) to base 6.
-12
Convert a (base 16) to base 7.
13
What is -15 (base 10) in base 13?
-12
-11 (base 3) to base 16
-4
Convert -d (base 14) to base 15.
-d
Convert -123 (base 6) to base 10.
-51
What is -a6 (base 16) in base 14?
-bc
221 (base 14) to base 13
265
Convert 351 (base 9) to base 3.
101201
b8 (base 14) to base 12
116
What is 100010 (base 2) in base 8?
42
-2 (base 11) to base 8
-2
-250 (base 12) to base 6
-1340
What is -1010 (base 2) in base 9?
-11
What is -7 (base 10) in base 4?
-13
What is 29 (base 11) in base 5?
111
Convert 4 (base 5) to base 8.
4
What is 1b (base 12) in base 13?
1a
-22 (base 5) to base 10
-12
24 (base 14) to base 13
26
40 (base 8) to base 9
35
Convert -8 (base 11) to base 12.
-8
12 (base 3) to base 15
5
What is -20 (base 8) in base 2?
-10000
Convert 2 (base 9) to base 11.
2
-c (base 16) to base 9
-13
What is -3 (base 10) in base 8?
-3
What is 1 (base 5) in base 4?
1
-1010 (base 2) to base 6
-14
What is 113 (base 6) in base 5?
140
-4 (base 10) to base 11
-4
What is -55 (base 6) in base 11?
-32
Convert 124 (base 10) to base 14.
8c
-34 (base 5) to base 8
-23
Convert -1 (base 2) to base 14.
-1
Convert 28 (base 10) to base 15.
1d
Convert -23 (base 9) to base 13.
-18
What is 5 (base 16) in base 15?
5
What is 21 (base 3) in base 5?
12
What is 32 (base 6) in base 16?
14
11 (base 13) to base 3
112
Convert 313 (base 6) to base 12.
99
What is 25 (base 13) in base 14?
23
-3 (base 8) to base 2
-11
Convert 1001100 (base 2) to base 16.
4c
Convert -1 (base 6) to base 14.
-1
Convert 271 (base 12) to base 11.
30a
-110 (base 3) to base 11
-11
Convert -52 (base 9) to base 16.
-2f
Convert 51 (base 6) to base 13.
25
What is 111 (base 2) in base 5?
12
-6 (base 13) to base 16
-6
-401 (base 5) to base 16
-65
What is -10 (base 3) in base 16?
-3
-201 (base 4) to base 16
-21
Convert 37 (base 16) to base 9.
61
What is -1 (base 9) in base 10?
-1
2 (base 8) to base 5
2
2b (base 15) to base 4
221
Convert 0 (base 4) to base 2.
0
Convert -4a (base 13) to base 14.
-46
Convert -144 (base 5) to base 13.
-3a
What is 4 (base 9) in base 11?
4
Convert -11 (base 14) to base 10.
-15
-10 (base 16) to base 11
-15
-2 (base 7) to base 3
-2
-20 (base 13) to base 7
-35
Convert -43 (base 6) to base 5.
-102
Convert 2 (base 3) to base 11.
2
What is 0 (base 10) in base 11?
0
What is 10 (base 5) in base 15?
5
-24 (base 12) to base 14
-20
-3 (base 9) to base 7
-3
-12 (base 6) to base 5
-13
Convert 33 (base 4) to base 8.
17
Convert -3a (base 16) to base 6.
-134
-10101 (base 2) to base 10
-21
-113 (base 11) to base 5
-1020
Convert 10 (base 4) to base 2.
100
Convert 134 (base 5) to base 7.
62
-101 (base 2) to base 13
-5
What is 133 (base 5) in base 4?
223
What is 10 (base 3) in base 15?
3
Convert 1010 (base 2) to base 13.
a
What is 1 (base 7) in base 11?
1
What is -25 (base 13) in base 15?
-21
Convert 1111 (base 2) to base 3.
120
17 (base 12) to base 6
31
-33 (base 5) to base 3
-200
Convert 3 (base 15) to base 4.
3
What is -100 (base 14) in base 8?
-304
What is 11 (base 3) in base 12?
4
-3 (base 10) to base 15
-3
7 (base 10) to base 7
10
What is -34 (base 7) in base 11?
-23
Convert -1e (base 15) to base 10.
-29
-110 (base 2) to base 6
-10
Convert -3 (base 4) to base 11.
-3
-110 (base 2) to base 8
-6
What is 10a (base 11) in base 9?
155
Convert 141 (base 7) to base 5.
303
-65 (base 13) to base 7
-146
Convert -33 (base 8) to base 12.
-23
Convert 1 (base 9) to base 3.
1
Convert 0 (base 14) to base 4.
0
Convert -9 (base 13) to base 15.
-9
-110110 (base 2) to base 16
-36
6 (base 13) to base 10
6
Convert -55 (base 14) to base 16.
-4b
110 (base 3) to base 8
14
What is 82 (base 10) in base 15?
57
-22 (base 5) to base 3
-110
Convert 111 (base 5) to base 4.
133
What is 195 (base 10) in base 11?
168
-3 (base 12) to base 9
-3
Convert 21 (base 8) to base 7.
23
-131 (base 5) to base 10
-41
0 (base 9) to base 5
0
Convert -272 (base 9) to base 12.
-16b
Convert -2 (base 8) to base 15.
-2
What is 3 (base 7) in base 4?
3
What is -198 (base 10) in base 7?
-402
-154 (base 12) to base 3
-21201
Convert -370 (base 9) to base 3.
-102100
Convert 0 (base 10) to base 6.
0
Convert 14 (base 7) to base 9.
12
Convert -15 (base 9) to base 13.
-11
What is 2123 (base 4) in base 5?
1110
What is -3 (base 13) in base 8?
-3
-2 